43, 49121
What are the prime factors of 818777121?
3, 3467, 78721
What are the prime factors of 7430208?
2, 3, 38699
List the prime factors of 201326436.
2, 3, 53, 105517
What are the prime factors of 1356689715?
3, 5, 61, 443, 3347
List the prime factors of 26597136.
2, 3, 227, 2441
List the prime factors of 1354533772.
2, 83, 181, 22541
What are the prime factors of 135170572?
2, 5501, 6143
What are the prime factors of 2995119949?
2995119949
List the prime factors of 371614220.
2, 5, 17, 23, 47521
List the prime factors of 4472180928.
2, 3, 349, 22247
What are the prime factors of 50011415?
5, 10002283
List the prime factors of 23320497.
3, 7773499
List the prime factors of 172019367.
3, 13, 1470251
List the prime factors of 3685051.
3685051
List the prime factors of 4840481860.
2, 5, 242024093
What are the prime factors of 1214165867?
557, 2179831
List the prime factors of 138542657.
11, 29, 434303
What are the prime factors of 357251865?
3, 5, 1229, 19379
List the prime factors of 34235703.
3, 71, 5953
List the prime factors of 1300875598.
2, 11, 17, 181, 1747
List the prime factors of 41576188.
2, 10394047
List the prime factors of 292729084.
2, 233, 443, 709
What are the prime factors of 23807980?
2, 5, 7, 170057
List the prime factors of 2901524703.
3, 7, 11, 577, 1979
What are the prime factors of 357826039?
3739, 95701
What are the prime factors of 118161075?
3, 5, 1575481
List the prime factors of 1690261784.
2, 71, 2975813
List the prime factors of 23590549.
23590549
List the prime factors of 118890993.
3, 13, 234499
What are the prime factors of 165996762?
2, 3, 47, 588641
List the prime factors of 132974247.
3, 7, 23, 275309
List the prime factors of 868935408.
2, 3, 11, 193, 8527
What are the prime factors of 96465837?
3, 13, 17, 83, 1753
What are the prime factors of 266921360?
2, 5, 61, 83, 659
What are the prime factors of 6913703?
6913703
What are the prime factors of 1385743288?
2, 167, 1037233
What are the prime factors of 23562730?
2, 5, 1033, 2281
What are the prime factors of 59931893?
7, 29, 83, 3557
List the prime factors of 71503630.
2, 5, 11, 103, 6311
List the prime factors of 8808882699.
3, 103, 5119, 5569
List the prime factors of 6334773777.
3, 234621251
What are the prime factors of 105076148?
2, 131, 193, 1039
What are the prime factors of 505764044?
2, 113, 1118947
What are the prime factors of 1466623388?
2, 17, 21567991
What are the prime factors of 55472769?
3, 11, 20753
What are the prime factors of 3042710487?
3, 43, 47, 18587
What are the prime factors of 96846857?
19, 263, 19381
List the prime factors of 94198262.
2, 47099131
What are the prime factors of 72301881?
3, 83, 290369
What are the prime factors of 4249612?
2, 107, 9929
List the prime factors of 73613767.
53, 167, 8317
List the prime factors of 111400736.
2, 3481273
List the prime factors of 1246346362.
2, 623173181
List the prime factors of 230222120.
2, 5, 31, 401, 463
What are the prime factors of 5725353911?
937, 1291, 4733
What are the prime factors of 1825654357?
193, 197, 48017
List the prime factors of 244198119.
3, 11, 139, 383
List the prime factors of 69163747.
69163747
What are the prime factors of 432979016?
2, 71, 251, 3037
List the prime factors of 944442571.
367, 2573413
List the prime factors of 322848255.
3, 5, 191, 112687
What are the prime factors of 1543806201?
3, 7, 10502083
What are the prime factors of 59174654?
2, 7, 11, 17, 3229
What are the prime factors of 133182919?
133182919
What are the prime factors of 344119039?
11, 277, 10267
List the prime factors of 51705160.
2, 5, 13, 17, 5849
What are the prime factors of 810765913?
810765913
List the prime factors of 280076036.
2, 19, 3685211
What are the prime factors of 630292962?
2, 3, 13, 8080679
List the prime factors of 4579124723.
199, 631, 36467
List the prime factors of 129550278.
2, 3, 11, 13, 150991
What are the prime factors of 273080563?
7, 39011509
What are the prime factors of 1281857000?
2, 5, 251, 5107
What are the prime factors of 156448140?
2, 3, 5, 2607469
What are the prime factors of 49293037?
1583, 31139
What are the prime factors of 68670578?
2, 67, 512467
What are the prime factors of 750558795?
3, 5, 7, 1973, 3623
What are the prime factors of 237371774?
2, 31, 79, 48463
List the prime factors of 4409561382.
2, 3, 19, 3673, 10531
List the prime factors of 11870928.
2, 3, 27479
List the prime factors of 79803928.
2, 23, 179, 2423
List the prime factors of 44226924.
2, 3, 7, 526511
What are the prime factors of 471506050?
2, 5, 17, 137, 4049
List the prime factors of 629591187.
3, 53, 61, 139, 467
List the prime factors of 597911150.
2, 5, 11958223
List the prime factors of 783139803.
3, 47, 5554183
List the prime factors of 34454211.
3, 11, 127, 8221
List the prime factors of 272671094.
2, 136335547
List the prime factors of 56474971.
7, 109, 74017
What are the prime factors of 543749577?
3, 7, 43, 701, 859
What are the prime factors of 1121997827?
61, 107, 397, 433
List the prime factors of 101516087.
101516087
What are the prime factors of 36495966?
2, 3, 13, 467897
What are the prime factors of 681865209?
3, 8418089
List the prime factors of 3891512144.
2, 13, 18709193
List the prime factors of 1003949189.
19, 52839431
What are the prime factors of 134288489?
41, 101, 32429
What are the prime factors of 3853733387?
7, 19, 28975439
List the prime factors of 31891180.
2, 5, 1594559
List the prime factors of 187731206.
2, 13, 43, 167917
List the prime factors of 2213062654.
2, 11, 137, 66751
What are the prime factors of 76735483?
11, 73, 95561
List the prime factors of 466245125.
5, 3729961
List the prime factors of 2714162822.
2, 7, 27695539
List the prime factors of 7587873.
3, 89, 9473
List the prime factors of 103419513.
3, 89, 129113
What are the prime factors of 45572651?
79, 523, 1103
What are the prime factors of 5321570017?
5321570017
What are the prime factors of 2782453?
449, 6197
List the prime factors of 17455441.
97, 179953
List the prime factors of 158496376.
2, 131, 151237
List the prime factors of 153745570.
2, 5, 11, 23, 67, 907
List the prime factors of 2268819030.
2, 3, 5, 307, 246343
What are the prime factors of 943083?
3, 3881
What are the prime factors of 33573301?
41, 59, 13879
List the prime factors of 36563026.
2, 29, 311, 2027
List the prime factors of 85814571.
3, 199, 143743
What are the prime factors of 30752331?
3, 10250777
What are the prime factors of 325780427?
7, 43, 167, 6481
List the prime factors of 69273009.
3, 13, 197359
List the prime factors of 15513238.
2, 13, 596663
List the prime factors of 109623646.
2, 11, 47, 106019
What are the prime factors of 46560863?
29, 1605547
What are the prime factors of 2396532538?
2, 47, 83, 307169
List the prime factors of 133072693.
13, 199, 51439
What are the prime factors of 4755996?
2, 3, 7, 233
List the prime factors of 3066070298.
2, 29, 83, 613, 1039
List the prime factors of 1147015561.
367, 1747, 1789
List the prime factors of 29065268.
2, 239, 30403
What are the prime factors of 44005144?
2, 5500643
List the prime factors of 53441329.
73, 732073
What are the prime factors of 42853815?
3, 5, 41, 23227
What are the prime factors of 2355047303?
7, 23, 14627623
What are the prime factors of 750329973?
3, 571, 16223
List the prime factors of 1016931394.
2, 421, 1207757
What are the prime factors of 245929554?
2, 3, 13, 73, 4799
What are the prime factors of 115644973?
31, 3730483
What are the prime factors of 5549882786?
2, 7, 19, 547, 5449
List the prime factors of 398666748.
2, 3, 5651, 5879
What are the prime factors of 1092925050?
2, 3, 5, 7, 1040881
List the prime factors of 901354989.
3, 281, 1069223
List the prime factors of 36534822.
2, 3, 6089137
What are the prime factors of 422079730?
2, 5, 151, 279523
List the prime factors of 826205497.
13, 59, 1077191
List the prime factors of 1133967926.
2, 7, 13, 1523, 4091
List the prime factors of 1750467875.
5, 13, 757, 1423
What are the prime factors of 267690751?
487, 523, 1051
List the prime factors of 3012747101.
7, 13, 33107111
What are the prime factors of 28050521?
28050521
What are the prime factors of 13874585?
5, 2774917
List the prime factors of 237703913.
237703913
What are the prime factors of 